 What is the highest common factor of 144 and x?
18
Suppose -429*p = -412*p + 8959. Let z be 15/(-135)*6*(p - 1). Let a be 2 + 0 + 84/2. Calculate the greatest common divisor of a and z.
44
Suppose l - 3*f - 19 = 0, 4*l + 0*l - 5*f = 69. Let g = -5 - -7. Let t be (-12)/((-3)/(-2) - g). Calculate the highest common divisor of t and l.
8
Suppose 2*n - 638 = -2*z, 4*z - 3*z - 2*n - 307 = 0. Let k be z/(-18)*8/(-14). What is the greatest common divisor of 230 and k?
10
Let h be 6/(12/(-10))*(-2 + 1). Suppose -3*z + 77 = h*o, 4*o + 19 = 7*o - 5*z. What is the highest common factor of o and 221?
13
Suppose -4*m + 4636 = 5*c - 4*c, -5*m + 5795 = -2*c. Calculate the greatest common factor of m and 209.
19
Let a(d) = -76 + 2*d**2 + 2*d**2 - 7 - 8*d - 3*d**2. Let h be a(15). Let t(q) = -87*q + 1. Let l be t(-1). What is the highest common divisor of h and l?
22
Let z(d) = d**2 - 34*d - 14. Let c be z(28). Let r = 185 + c. Calculate the greatest common divisor of 33 and r.
3
Let b be (-982652)/(-18) - 59/((-13806)/52). What is the highest common divisor of 64 and b?
64
Suppose -d + c - 63 = 0, -3*d = d + c + 277. Let m = d - -75. Suppose 5*a + 90 = m*a. Calculate the highest common factor of a and 18.
9
Let q = -858 - -1965. Suppose x - 1851 = -5*p, -3*p - 17*x + q = -20*x. What is the greatest common factor of 10 and p?
10
Let s(g) = -174*g - 7019. Let h be s(-41). Calculate the greatest common factor of 8487 and h.
23
Let y = 7356 + -5183. Calculate the greatest common divisor of y and 212.
53
Let o = 54 - 0. Let p = o + 26. Let q = 8028 - 8018. What is the greatest common divisor of p and q?
10
Let h(g) = g**3 + 13. Suppose 4*o - 5*u + 146 + 66 = 0, 5*o = 3*u - 252. Let j = o - -48. Let t be h(j). Calculate the highest common divisor of 91 and t.
13
Let o be (-13 - 668) + (2 - -2). Let j = 705 + o. What is the highest common factor of 518 and j?
14
Let a be 37 + 2 + -3*1. Let d(u) = -15 + 8*u**2 + u**3 + 17 - 12. Let c be d(-4). What is the highest common divisor of a and c?
18
Let u(f) = -2*f**3 + 23*f**2 + 92*f + 196. Let n be u(-17). What is the highest common factor of n and 15?
15
Suppose -4 = -5*o - 4*w - 8, -4*w - 4 = 0. Suppose -9*l + 71 + 1 = o. Calculate the highest common divisor of l and 40.
8
Suppose 0 = 5*o - 0*o + 2*o. Suppose -32*v + 2269 + 2307 = o. What is the greatest common divisor of v and 13?
13
Let y be -4*(27/(-3))/3. Let r be (y/15)/(2/5). Suppose -5*x = 3*k - 118, 7*k + 2*x - 184 = r*k. What is the greatest common factor of k and 12?
12
Let k(j) = 45*j + 285. Let d be k(-6). Suppose -4*p + 1 = -4*a + 5, -5*p = -d. Calculate the highest common factor of 1 and a.
1
Let x = -7 + 91. Suppose 0 = -4*f + j + x, -2*j + 4*j + 48 = 2*f. Suppose 23*t - 561 = 589. What is the greatest common divisor of t and f?
10
Suppose -1085 - 4715 = -58*t. Let h(x) = -4*x + 8*x**2 - 4 + 9 - 6 - x**3. Let c be h(7). Calculate the highest common factor of t and c.
20
Let d = -11199 + 11205. What is the greatest common divisor of 7338 and d?
6
Let t(f) = 8*f + 158. Let h(b) = -24*b - 472. Let o(j) = -4*h(j) - 11*t(j). Let n be o(0). Calculate the highest common factor of n and 30.
30
Suppose 4*d = 2*v - 8, -5*d - 3 - 7 = 2*v. Suppose 5*l - 109 - 176 = v. Calculate the highest common divisor of 456 and l.
57
Let s(r) = 2*r**2 - 5*r - 5. Let w be s(5). Suppose 0 = 8*f - 26 + 2. Suppose 208 + 92 = f*l. Calculate the highest common factor of l and w.
20
Let p(t) = 12*t**3 + 39*t**2 - 80*t - 13. Let v be p(2). What is the highest common factor of v and 237?
79
Suppose -3*z - 390 = -3*p - 1659, -4*z - 5*p + 1728 = 0. Suppose -3*x + 173 = -5*j, 20*j + 114 = 2*x + 16*j. What is the greatest common divisor of x and z?
61
Let h(b) = 5*b**2 - 42*b + 212. Let l be h(10). What is the highest common factor of 438 and l?
146
Let q be (-4)/(-34) + (-1080)/(-68). Let k = q + -12. Let m be 5 - 1*(8 - k). Calculate the highest common divisor of m and 7.
1
Suppose 2310 - 1851 = 15*s - 2811. Calculate the greatest common factor of s and 10.
2
Suppose -r + 269 = -i, 536 = -2*i + 14*r - 11*r. Let f be i/(-2) + (-50)/(-20). What is the highest common factor of 6 and f?
6
Suppose -3*o - 4 = -2*b - 0*b, 2*b = -3*o - 20. Let r be 69/8 + b*(-39)/416. Calculate the greatest common divisor of r and 3.
3
Suppose -295*g - 54274 + 229504 = 0. Calculate the greatest common divisor of g and 1350.
54
Let w = -68 + 68. Suppose 19*s - 21*s + 120 = w. Let z be (4 - s/14) + (-144)/(-14). Calculate the greatest common divisor of 10 and z.
10
Suppose 2*p + 9*p = -15*p + 12090. What is the greatest common factor of 2 and p?
1
Let m = 19 - 13. Suppose 141 = m*t - 339. Calculate the highest common factor of t and 32.
16
Suppose 7*k - 20 = 3*k. Suppose 10*y - 20 = k*y. Suppose -2*d + 19 = -5*g, -y*g + 0*g - 73 = -5*d. Calculate the greatest common factor of d and 153.
17
Let p(b) = b**2 - 16*b - 93. Let k(s) = 2*s**2 - 31*s - 185. Let i(t) = 6*k(t) - 13*p(t). Let g be i(25). Calculate the greatest common factor of g and 84.
12
Let p(j) = j**3 - 8*j**2 + 2*j + 6. Let b be p(4). Let i = b - -77. Suppose 48 = 3*r - i. What is the greatest common divisor of r and 75?
25
Suppose l = 40 - 38. Suppose 0 = -4*j + l*m + 102, 0 = -5*j + 4*m + 79 + 41. Let t = 21 + -7. Calculate the highest common divisor of j and t.
14
Let r = 10983 + -10632. Let z(o) = o**2 + o - 7. Let j be z(-5). What is the greatest common factor of j and r?
13
Let y = 114 + -43. Let l = y - 60. Let c(d) = 10*d**2 + d + 2. Let f be c(2). What is the greatest common factor of f and l?
11
Let k be (-68)/(-10) - 8/(-40). Suppose 5*i + m = 2660, -2*i + 4*m - 5*m = -1061. Suppose -223 = -k*t + i. What is the greatest common divisor of t and 72?
36
Let k(g) = -g**3 - 6*g**2 - 39. Let y be k(-9). Let n = -196 + y. What is the highest common divisor of 1352 and n?
8
Let y = -9096 - -9098. What is the highest common divisor of y and 205?
1
Let m = 4518 - 3368. Calculate the highest common factor of m and 10.
10
Suppose -1834 = -5*m - 3*p, -522 - 944 = -4*m - 3*p. What is the greatest common divisor of 4232 and m?
184
Let j be 4800/(-336) + 14 - 338/(-7). Suppose 2*a = a - 25. Let w = 89 + a. Calculate the greatest common divisor of j and w.
16
Let g be 1/((-32)/1008 - 2/(-14)). Let p be 2/g - (1343/(-153) - 11). Calculate the greatest common factor of 150 and p.
10
Suppose 19*b + 5821 - 19771 = 17875. What is the greatest common factor of b and 737?
67
Let r be ((-55)/10)/(-11)*(-8)/2 + 1418. Calculate the highest common factor of r and 60.
12
Suppose 88*p + 61*p = -1520258 + 3774181. Calculate the greatest common factor of 7 and p.
7
Suppose 2*h + c - 105 = 0, 2*c = -h + 3*c + 51. Suppose 0*s = s + 1, -4*k + 4*s + 2396 = 0. Calculate the highest common divisor of k and h.
26
Let p be (0 - -1)/(-6*2/(-156)). Suppose -7*c + 15 = -p. Suppose -m - q + c = 0, -4 = -m + 2*q - 0*q. Calculate the greatest common factor of m and 8.
4
Let t = 20811 + -20807. What is the highest common divisor of 254 and t?
2
Let z be (0 + -3)/((-30)/1300). Let y(a) = a**3 + 13*a**2 + 6*a - 62. Let m be y(-12). Calculate the highest common divisor of m and z.
10
Suppose -4*t - 5 = 3*b + 5, -3*b - 2 = 2*t. Let s be t/(-18) - -3*64/108. Suppose s*l - 50 = 20. Calculate the greatest common divisor of 7 and l.
7
Let o(q) = -8*q**2 - 108*q - 13. Let f be o(-15). Let l = 211 + f. What is the highest common divisor of 774 and l?
18
Let r be 0 + 237/5 - 68/170. Suppose -u = n - 193, -5*u = 2*n + n - 955. Calculate the highest common divisor of u and r.
47
Let l(v) = -v**3 + 13*v**2 - 6*v + 10. Let c be (0 - (-14)/(-7)) + 12. Let z be l(c). Calculate the highest common divisor of 10 and z.
10
Let l be (-201)/804 - 1122/(-8). What is the highest common divisor of l and 273?
7
Let d(t) = -15*t + 10. Let p be d(-2). Suppose -2*h + p + 10 = 0. What is the greatest common divisor of 175 and h?
25
Suppose -55*i = -54*i. Suppose 11*d - 18 - 15 = i. What is the highest common factor of d and 5?
1
Suppose 39*v - 36*v = 210. Suppose -5 = -a, -g - a + 5*a + v = 0. Calculate the highest common factor of g and 210.
30
Let q(w) = 9*w - 15. Let k be (-28*1 - -6)/(-2). Let c be q(k). What is the highest common factor of 12 and c?
12
Suppose 4*j = -4*h + 692, 144*h + 306 = 146*h - 3*j. Let q 